2*o**3 - 397*o**2 - 19*o + 27. Calculate x(2).
337
Let h(a) = 3315*a - 692833. What is h(209)?
2
Let h(a) = -a**3 - 164*a**2 - 1959*a + 587. Determine h(-151).
-17
Let p(m) = -469*m**2 + 2800*m - 14. Determine p(6).
-98
Let b(s) = 92508*s - 6. Determine b(0).
-6
Let h(f) = 21*f**3 - 1629*f**2 + 4707*f - 14. Determine h(3).
13
Let w(b) = 3*b**2 + b + 97. Determine w(-12).
517
Let n(l) = 13056*l - 65156. Give n(5).
124
Let n(l) = -l**3 + 30*l**2 + 82*l - 66. What is n(32)?
510
Let v(j) = j**2 - 163*j + 6168. Determine v(105).
78
Let t(k) = 242465*k + 727331. What is t(-3)?
-64
Let o(t) = t**2 + 98*t + 1438. What is o(-18)?
-2
Let w(z) = 17*z**2 - 480*z + 2343. Determine w(5).
368
Let y(a) = -4*a**3 - 176*a**2 + 1429*a + 29. Give y(-51).
-22
Let v(j) = -j**3 - 27*j**2 - 143*j - 1507. Determine v(-24).
197
Let u(c) = -c**3 + 36*c**2 + 7750*c - 285377. Calculate u(37).
4
Let u(p) = 585*p - 10499. What is u(18)?
31
Let t(p) = 776*p - 238910. Give t(308).
98
Let s(u) = 6*u**2 - 72727*u - 72726. Give s(-1).
7
Let t(h) = -h**2 + 41*h + 467. Give t(-9).
17
Let v(q) = 42*q**2 + 999*q - 24. Give v(-24).
192
Let a(w) = -59943*w + 659404. What is a(11)?
31
Let w(i) = 24*i**2 + 4135*i - 7125. Give w(-174).
9
Let a(n) = 71923*n + 431630. Calculate a(-6).
92
Let y(j) = -568*j**2 - 6425*j - 1954. Calculate y(-11).
-7
Let z(g) = -g**3 - 50*g**2 - 222*g - 159. Determine z(-4).
-7
Let t(q) = 2520*q**3 - 5037*q**2 - 25*q + 26. What is t(2)?
-12
Let a(m) = -m**3 - 219*m**2 + 448*m + 1305. What is a(-221)?
-21
Let b(h) = 3*h**3 + 33*h**2 + 67*h + 30. What is b(-7)?
149
Let u(i) = 3*i**3 - 387*i**2 + 764*i - 276. Calculate u(127).
-22
Let c(s) = -4*s**2 + 1476*s - 7273. Give c(5).
7
Let b(t) = t**2 + 14725*t + 58887. Determine b(-4).
3
Let l(c) = 3*c**2 + 349*c - 8385. Calculate l(21).
267
Let c(i) = 52*i**3 + 2754*i**2 - 95*i + 440. Determine c(-53).
-143
Let m(t) = 15*t**2 + 23181*t + 262311. Determine m(-1534).
-3
Let w(g) = 2*g**3 - 97*g**2 - 15*g - 1285. Calculate w(49).
381
Let q(x) = -4*x**3 + 13*x**2 - 60*x - 60. Calculate q(5).
-535
Let l(o) = -285*o - 12544. What is l(-44)?
-4
Let y(x) = 57*x**2 + 6960*x + 702. Give y(-122).
-30
Let i(z) = -3088*z + 18590. What is i(6)?
62
Let a(g) = -70*g**2 + 876*g + 16. Determine a(11).
1182
Let n(w) = 3*w**3 - 273*w**2 + 3426*w - 80. Determine n(15).
10
Let w(s) = -s**2 + 43890*s - 1140454. What is w(26)?
10
Let z(x) = -x**3 + 33*x**2 - 38*x + 1255. Give z(33).
1
Let z(k) = 527*k**2 - 19531*k + 2. Determine z(37).
-1182
Let c(o) = 83*o**2 + 126*o - 136. Calculate c(-3).
233
Let r(i) = 4*i**3 - 3078*i**2 - 1526*i - 10783. Calculate r(770).
-3
Let h(u) = -7649*u - 2638987. Determine h(-345).
-82
Let n(v) = -2*v**3 - 39*v**2 - 437*v - 10487. Determine n(-21).
13
Let h(t) = -t**3 + 266*t**2 + 516*t + 5401. Give h(268).
41
Let l(k) = 4*k**2 + 1194*k + 86003. Determine l(-122).
-129
Let l(k) = 125*k**2 - 2241*k - 4499. What is l(-2)?
483
Let z(q) = -9*q**2 - 796*q + 2379. Determine z(3).
-90
Let z(r) = -14*r**3 - 59*r**2 - 40*r + 6. Calculate z(-3).
-27
Let j(g) = 512*g + 5121. Calculate j(-10).
1
Let o(n) = -1497*n**3 + 3*n**2 + 65*n - 66. What is o(1)?
-1495
Let g(r) = -621*r + 13876. Determine g(23).
-407
Let y(k) = 3*k**3 + 108*k**2 + 805*k + 674. What is y(-26)?
24
Let r(q) = -27320*q - 2049006. What is r(-75)?
-6
Let g(u) = 3107*u + 90097. What is g(-29)?
-6
Let w(u) = -6*u**3 - 14*u**2 - 209*u + 1382. What is w(5)?
-763
Let b(k) = 9844*k - 3051677. Determine b(310).
-37
Let j(d) = -165*d**2 - 56969*d - 15201. What is j(-345)?
-21
Let w(z) = z**3 + 13*z**2 - 4725*z - 56849. What is w(-12)?
-5
Let l(c) = 2*c**3 - 2*c**2 - 130*c - 932. Calculate l(16).
4668
Let o(u) = -89*u - 1192. Determine o(-32).
1656
Let g(s) = -6347*s - 171943. Give g(-27).
-574
Let b(l) = -l**3 - 136*l**2 - 649*l - 490. Determine b(-4).
-6
Let w(y) = y**3 + 13*y**2 - 33*y + 82. What is w(-17)?
-513
Let x(c) = 813*c**2 - 44714*c - 106. What is x(55)?
-51
Let k(h) = h**2 + 198*h + 4837. What is k(-33)?
-608
Let s(b) = b**3 + 52*b**2 - 230*b - 386. Calculate s(-56).
-50
Let g(b) = 604*b + 91868. Give g(-152).
60
Let w(f) = -2*f**2 + 721*f - 6970. Give w(10).
40
Let p(t) = -4*t**3 + 465*t**2 - 1409*t - 6836. Calculate p(113).
-56
Let l(z) = -z**2 + 7938*z - 307750. Give l(39).
311
Let f(a) = -a**2 - 68*a - 1871. Calculate f(-33).
-716
Let a(n) = -2862*n + 43000. Give a(15).
70
Let z(l) = 7*l**2 + 4289*l + 21248. Give z(-5).
-22
Let m(u) = -25*u**3 - 225*u**2 + 9*u + 68. What is m(-9)?
-13
Let f(b) = 6*b**3 + 79*b**2 + 241*b + 43. Give f(-4).
-41
Let o(p) = 2*p**2 - 1183*p + 80102. Give o(78).
-4
Let a(f) = -2*f**3 - 11*f**2 - 280*f - 2050. Calculate a(-8).
510
Let k(z) = 36206*z - 289642. Determine k(8).
6
Let d(s) = -15*s**3 + 10*s**2 + 1066*s - 2136. Give d(2).
-84
Let p(a) = -714*a + 12602. Determine p(18).
-250
Let s(n) = -1482*n - 349980. What is s(-236)?
-228
Let l(h) = 6123*h + 67. What is l(0)?
67
Let j(p) = 10*p + 1414. Calculate j(-113).
284
Let d(r) = -3*r**3 - 1311*r**2 - 2610*r + 20. What is d(-435)?
20
Let k(f) = f**3 + 96*f**2 - 565*f + 668. Calculate k(4).
8
Let c(k) = -7*k**3 + 1617*k**2 - 83*k + 19170. Calculate c(231).
-3
Let q(f) = -4*f**2 - 144*f - 76. Determine q(-27).
896
Let s(u) = -2*u**2 + 114*u + 27. What is s(56)?
139
Let m(r) = 2*r**3 - 128*r**2 - 222*r + 13872. What is m(64)?
-336
Let w(u) = 18*u**2 - 1259*u + 18547. Calculate w(49).
74
Let l(w) = -7*w**3 - 1274*w**2 - 3*w - 2781. Give l(-182).
-2235
Let m(j) = -2716*j - 30124. What is m(-11)?
-248
Let b(s) = -114932*s - 88497648. Calculate b(-770).
-8
Let g(w) = -w**2 + 1356*w + 2613314. Calculate g(2431).
-11
Let z(h) = -37*h**3 + 3*h**2 - 44. What is z(-3)?
982
Let o(k) = 25*k**2 - 174*k + 252. Determine o(5).
7
Let a(l) = -389*l + 19490. Give a(50).
40
Let t(y) = -7*y**2 + 97*y - 26. What is t(7)?
310
Let t(b) = 16*b**2 + 1605*b - 506427. Give t(-235).
-2
Let z(u) = 6324*u - 1252146. Determine z(198).
6
Let b(a) = 33105*a + 66268. Determine b(-2).
58
Let d(v) = 120404*v - 16856556. What is d(140)?
4
Let t(s) = 2*s**3 - 101*s**2 - 6*s - 672. Calculate t(0).
-672
Let g(y) = -11493*y + 33634. Give g(3).
-845
Let n(y) = -y**3 + 280*y**2 - 890*y + 16356. Calculate n(277).
13
Let s(k) = -4*k**3 + 24*k**2 + 76*k - 40. Determine s(8).
56
Let a(g) = 7*g**2 - 29*g - 1082. Give a(0).
-1082
Let p(d) = -3*d**2 + 3479*d - 997525. Calculate p(519).
-7
Let s(a) = 3*a**2 - 111*a + 1287. Give s(38).
1401
Let h(k) = 1615*k - 132540. Give h(82).
-110
Let h(j) = 10*j**2 + 151*j + 596. Give h(-10).
86
Let h(x) = -527*x**3 - 82*x**2 + 89*x - 8. Calculate h(1).
-528
Let y(x) = 62108*x - 621117. Determine y(10).
-37
Let c(f) = 20268*f**2 - 567507*f + 89. Give c(28).
5
Let z(b) = -11*b**2 - 1259*b + 4729. Give z(-118).
127
Let o(d) = -2*d**3 - d**2 + 4312*d + 12903. Determine o(-3).
12
Let a(f) = -2*f**2 + 34*f + 1768. Calculate a(-24).
-200
Let j(q) = q**3 + 34*q**2 - 1116*q - 1899. Calculate j(-54).
45
Let i(h) = -8*h**2 + 76829*h - 307184. Calculate i(4).
4
Let l(n) = n**2 - 8617*n + 2718775. Give l(328).
-17
Let f(w) = -26*w**2 - 4347*w + 170596. Give f(-200).
-4
Let j(z) = -2*z**2 + 62*z + 859. Give j(-19).
-1041
Let s(l) = -26758*l + 134182. Give s(5).
392
Let c(h) = -2*h**2 - 145*h + 3432. What is c(19)?
-45
Let o(u) = -4*u**3 + 15*u**2 + 653*u - 4538. What is o(7)?
-604
Let m(n) = 3502*n + 115531. What is m(-33)?
-35
Let p(z) = 92*z - 25101. What is p(262)?
-997
Let m(w) = -11*w**3 - 357*w**2 - 1376*w - 115. What is m(-28)?
-3
Let c(h) = -2*h**2 - 3835*h + 61865. Calculate c(16).
-7
Let p(y) = -2869*y + 152266. Give p(53).
209
Let i(x) = -2214592*x + 77510726. What is i(35)?
6
Let p(u) = 78232*u - 938745. Determine p(12).
39
Let t(p) = 3382807*p + 16914047. Give t(-5).
12
Let t(z) = 3701*z + 36985. Give t(-10).
-25
Let j(n) = -2*n**2 + 412*n - 6981. Give j(18).
-213
Let z(q) = q**2 - 139*q - 231656. Give z(-417).
196
Let z(x) = 12*x**3 + 28*x**2 - x - 486. Determine z(0).
-486
Let o(a) = 18*a**2 + 3220*a - 411. Calculate o(-179).
-53
Let k(y) = -y**3 + 22*y**2 + 238*y - 65. Determine k(-8).
-49
Let s(n) = -3*n**3 + 21*n**2 + 39*n + 57. Calculate s(12).
-1635
Let r(x) = 5*x**3 - 12*x**2 - 76*x + 58. Calculate r(9).
2047
Let t(m) = 33*m**2 + 242*m + 186. Give t(-6).
-78
Let q(b) = -15*